{"id":302,"date":"2022-05-09T12:13:00","date_gmt":"2022-05-09T13:13:00","guid":{"rendered":"http:\/\/freguesiadeurzelina.pt\/?page_id=302"},"modified":"2022-05-09T19:02:01","modified_gmt":"2022-05-09T20:02:01","slug":"historia-da-freguesia-de-urzelina","status":"publish","type":"page","link":"https:\/\/freguesiadeurzelina.pt\/?page_id=302","title":{"rendered":"Hist\u00f3ria da Freguesia"},"content":{"rendered":"\n<p>\u201cExiste nesta ilha um deleitoso sitio, t\u00e3o deliciosamente po\u00e9tico que, no dizer de muitos, pode considerar-se sem exagero um mimoso \u00e9den; \u00e9 a Freguesia da <b><i><span style=\"text-decoration: underline;\">Urzelina.<\/span><\/i><\/b>&nbsp; \u201c<\/p>\n\n\n\n<p>Esta freguesia, com 13,67\u00a0km\u00b2 de \u00e1rea. Densidade: 63,4 hab\/km\u00b2. Distante das Velas cerca de 10 quil\u00f3metros confina com a povoa\u00e7\u00e3o de Santo Ant\u00f3nio (Norte) junto \u00e0s antigas lagoas da \u201cCh\u00e3 das Lagoinhas\u201d, com o mar em toda a sua extens\u00e3o sul, com a faj\u00e3 de Santo Amaro atrav\u00e9s do caminho novo e do lugar da Ribeira do Nabo (oeste) e com os Terreiros, freguesia das Manadas (leste). Tem o nome alternativo de <b>S\u00e3o Mateus<\/b>, o seu santo padroeiro. O seu nome deriva da abund\u00e2ncia de <a title=\"Urzela\" href=\"http:\/\/pt.wikipedia.org\/wiki\/Urzela\">urzela<\/a> nas rochas do seu litoral, sendo um dos locais de onde mais se exportava aquele l\u00edquene tintureiro.<\/p>\n\n\n\n<h2><strong>Um para\u00edso \u00e0 Beira-Mar. Uma Sintra Jorgense.<\/strong><\/h2>\n\n\n\n<p>A Freguesia da Urzelina fica a 10 quil\u00f3metros de dist\u00e2ncia da Vila das Velas,&nbsp;tendo o seu fim, a Norte, com a freguesia de Santo Ant\u00f3nio, junto \u00e0s antigas Lagoas da&nbsp;\u201cCh\u00e3 das Lagoinhas\u201d, a Sul, finda junto ao mar, sendo este uma das suas maiores&nbsp;riquezas econ\u00f3micas, a Oeste finda junto \u00e0 Faj\u00e3 de Santo Amaro, tendo como&nbsp;extremidade o Caminho Novo a Sul, e mais a Norte, a Ribeira do Nabo. A Leste a&nbsp;Freguesia da Urzelina faz fronteira com os Terreiros, um lugar pertencente \u00e0 Freguesia&nbsp;de Manadas.<\/p>\n\n\n\n<p><br>Segundo v\u00e1rios estudiosos, em especial, segundo Jos\u00e9 Bettencourt da C\u00e2mara&nbsp;(2019) 1 a freguesia da Urzelina \u00e9 conhecida por este nome, devido \u00e0 planta tintureira&nbsp;que ali abundava, a Urzela, desde cedo esta planta foi explorada para a ind\u00fastria t\u00eaxtil&nbsp;da ilha e da Europa, onde este produto n\u00e3o abundava.<\/p>\n\n\n\n<p><br>A ilha de S\u00e3o Jorge \u00e9 constitu\u00edda por um alto dorso montanhoso, que se perlonga&nbsp;at\u00e9 \u00e0 costa, terminando em bruscas fal\u00e9sias, ao fundo das quais, se formam as faj\u00e3s. Na&nbsp;Urzelina o efeito dos vulc\u00f5es d\u00e1 o ar de se ter atenuado, o que permitiu formar uma&nbsp;larga encosta que se alonga calmamente at\u00e9 ao mar.<\/p>\n\n\n\n<p><br>Na Urzelina floresceram vinhedos e, mais tarde, laranjais. O Lugar dos&nbsp;Casteletes produziu, antes do enraizamento da filoxera na segunda metade do S\u00e9culo&nbsp;XIX e antes ainda da erup\u00e7\u00e3o vulc\u00e2nica de 1808, um dos melhores vinhos das ilhas,&nbsp;capaz de competir com o vinho da vizinha ilha do Pico, que j\u00e1 chegou, em tempos&nbsp;long\u00ednquos, \u00e0s mesas dos Czares de toda aa R\u00fassia.<\/p>\n\n\n\n<p><br>N\u00e3o existem dados que nos d\u00e3o a indica\u00e7\u00e3o da data da funda\u00e7\u00e3o da Freguesia da&nbsp;Urzelina como par\u00f3quia, sabendo-se, atrav\u00e9s dos registos de Gaspar Frutuoso, no seu&nbsp;livro \u201cSaudades da Terra, Livro VI\u201d, que esta n\u00e3o \u00e9 uma par\u00f3quia do s\u00e9culo XV, uma&nbsp;vez que n\u00e3o h\u00e1 registos de existir uma par\u00f3quia entre S\u00e3o Jorge, padroeiro da Vila das&nbsp;Velas, e Santa B\u00e1rbara, padroeira das Manadas. Havendo apenas refer\u00eancia \u00e0 Ermida&nbsp;de Nossa Senhora da Luz, no lugar da Queimada, Freguesia de Santo Amaro. Ermida de&nbsp;pequenas dimens\u00f5es, mas que ainda persiste at\u00e9 aos nossos dias.<br>Ainda tendo em conta o Livro \u201cSaudades da Terra\u201d de Gaspar Frutuoso, citado&nbsp;por Jos\u00e9 Bettencourt da C\u00e2mara (2019), a freguesia da Urzelina era, at\u00e9 meados do<\/p>\n\n\n\n<p>S\u00e9culo XVI, pouco habitada, e era considerada como uma \u201cFaj\u00e3 das Velas\u201d, mas j\u00e1&nbsp;aparece nos registos intitulado com o nome de Urzelina.&nbsp;Outro cronista que \u00e9 citado por C\u00e2mara (2019), \u00e9 Frei Diogo das Chagas, com a sua&nbsp;obra \u201cEspelho Cristalino em Jardim de V\u00e1rias Flores\u201d, s\u00e9culo XVII, que se refere \u00e0&nbsp;Urzelina como \u201cUrsalinha\u201d, e que j\u00e1 lhe atribui S\u00e3o Mateus, como patrono e que j\u00e1&nbsp;nesta altura temos a Urzelina como par\u00f3quia.<\/p>\n\n\n\n<p><br>A Freguesia da Urzelina \u00e9 conhecida como a \u201cSintra Jorgense\u201d, sendo que esse&nbsp;nome se deve em muito ao facto de muitas das fam\u00edlias afortunadas da ilha erguerem as&nbsp;casas de resid\u00eancia neste lugar, casas essas que ainda hoje demarcar a arquitetura da&nbsp;freguesia. Destacando-se a fam\u00edlia Lacerda, da qual fazia parte um dos mais importantes<br>jorgenses da hist\u00f3ria da Ilha, Francisco Lacerda, que tinha uma casa de fam\u00edlia no&nbsp;Fundo da Urzelina, parte mais leste da freguesia, um pouco mais a Norte do Porto da&nbsp;Urzelina e do seu forte. Essa casa fica junto da Torre da Urzelina, um dos mais&nbsp;importantes \u00edcones da freguesia.<\/p>\n\n\n\n<p><br>Atualmente a Freguesia da Urzelina \u00e9 conhecida, por quem a visita e por muitos&nbsp;habitantes da Ilha, como um pequeno para\u00edso \u00e0 Beira Mar, \u00e9 ma freguesia que est\u00e1&nbsp;muito ligada ao turismo, tem como espa\u00e7os de fazer um Parque de Campismo e um&nbsp;complexo de piscinas ao ar livre, composto por uma piscina de maior profundidade e&nbsp;destinada aos maiores e melhores nadadores, e uma piscina mais pequena para os&nbsp;pequenos nadadores. Apresenta v\u00e1rios pontos balneares, abertos ao p\u00fablico em geral,&nbsp;onde se pode disfrutar de banhos de mar, e onde tem \u00e0 sua disposi\u00e7\u00e3o um conjunto de&nbsp;balne\u00e1rios e casas de banho, bem equipadas e sempre higienizadas, sendo de destacar, a&nbsp;zona balnear dos Portinhos, e a zona balnear do Porto da Ribeira do Nabo.<\/p>\n\n\n\n<p><br>A n\u00edvel de infraestruturas culturais, podemos destacar o Centro de Exposi\u00e7\u00f5es&nbsp;rurais da Urzelina, um museu \u00e0 beira-mar, constitu\u00eddo num antigo armaz\u00e9m de laranjas,&nbsp;e onde se pode recar no tempo, observando diversos objetos do quotidiano dos&nbsp;jorgenses, nos s\u00e9culos anteriores.<\/p>\n\n\n\n<p>A Torre da Antiga Igreja da Urzelina, que nos permite&nbsp;observar e relembrar a antiga freguesia, esta torre \u00e9 de grande import\u00e2ncia para a&nbsp;Freguesia, pois lembra aos urzelinenses a sua antiga igreja, igreja esta que ficou&nbsp;subterrada ap\u00f3s o vulc\u00e3o de 1808. E os Moinhos do lugar dos casteletes e do lugar dos&nbsp;Portinhos, que foram restaurados e conservados, podendo ser visitados por todos e&nbsp;mantendo viva a mem\u00f3ria das atividades econ\u00f3micas da freguesia.<\/p>\n\n\n\n<p>O Porto da Urzelina tamb\u00e9m \u00e9 uma zona muito importante da freguesia, pois n\u00e3o&nbsp;s\u00f3 dele vemos sair v\u00e1rios barcos de pesca e de recreio, como no passado, este serviu&nbsp;uma acentuada produ\u00e7\u00e3o e exporta\u00e7\u00e3o de laranjas, cultura que marcou a freguesia&nbsp;economicamente.<\/p>\n\n\n\n<p><br>O Forte da Urzelina, localizado no porto da Urzelina, \u00e9 uma importante&nbsp;infraestrutura que demarca a import\u00e2ncia estrat\u00e9gica da freguesia, devido \u00e0 sua&nbsp;localiza\u00e7\u00e3o costeira, e \u00e0s v\u00e1rias atividades econ\u00f3micas que fizeram parte da mesma,&nbsp;como a produ\u00e7\u00e3o de vinho e as planta\u00e7\u00f5es de laranja. \u00c9 uma pe\u00e7a arquitect\u00f3nica que j\u00e1&nbsp;serviu a defesa costeira da ilha e que apresenta, no seu interior, pe\u00e7as de artilharia que&nbsp;deviam ser estudadas e preservadas.<\/p>\n\n\n\n<p><br>A Urzelina, a n\u00edvel econ\u00f3mico, apresenta duas padarias\/ pastelarias, que fazem&nbsp;as del\u00edcias de quem visita a freguesia e que garante a distribui\u00e7\u00e3o de p\u00e3o a todos os&nbsp;habitantes da mesma. Tem no seu conjunto quatro restaurantes que empregam um&nbsp;consider\u00e1vel n\u00famero de pessoas, e que d\u00e3o a conhecer as del\u00edcias gastron\u00f3micas da ilha.<\/p>\n\n\n\n<p>Tem uma oficina de carros acompanhada por um stand, uma bomba de combust\u00edvel, e<br>uma cooperativa de artesanato.<\/p>\n\n\n\n<p>A Cooperativa de artesanato situa-se no Lugar da Ribeira do Nabo, lugar que&nbsp;tem como padroeira Nossa Senhora da Encarna\u00e7\u00e3o. Na minha opini\u00e3o, a Cooperativa de&nbsp;Artesanato da Ribeira do Nabo \u00e9 muito mais do que uma atividade econ\u00f3mica, \u00e9 um&nbsp;lugar onde se mant\u00e9m viva uma cultura de artesanato que faz parte da hist\u00f3ria da&nbsp;freguesia, \u00e9 um lugar de mem\u00f3ria e conserva\u00e7\u00e3o de patrim\u00f3nio material, os teares e as&nbsp;mantas feitas de forma artesanal e tradicional, e um lugar de preserva\u00e7\u00e3o de um&nbsp;patrim\u00f3nio imaterial importante e com necessidade urgente de preserva\u00e7\u00e3o, os saberes e&nbsp;as t\u00e9cnicas do tear, do fiar e da tecelagem. Igual a esta cooperativa s\u00f3 existe mais uma&nbsp;na ilha, na Faj\u00e3 dos Vimes, uma pequena cooperativa mantida por uma fam\u00edlia da zona.<\/p>\n\n\n\n<p><br>Em suma, a freguesia da Urzelina n\u00e3o \u00e9 das mais antigas da ilha, n\u00e3o \u00e9 par\u00f3quia&nbsp;desde o s\u00e9culo XV, nem teve uma import\u00e2ncia econ\u00f3mica para a ilha desde os&nbsp;prim\u00f3rdios da mesma, contudo foi evoluindo de forma significativa, foi crescendo a&nbsp;n\u00edvel de infraestruturas e popula\u00e7\u00e3o, e hoje \u00e9 uma das freguesias mais importantes da&nbsp;Ilha, nesta freguesia houve a fixa\u00e7\u00e3o de fam\u00edlias das mais importantes da ilha,&nbsp;implementou-se estruturas econ\u00f3micas de f\u00e1rios sectores econ\u00f3micos, e hoje temos um&nbsp;freguesia imensamente marcada pelo turismo de lazer e pelo turismo cultural.&nbsp;<\/p>\n\n\n\n<p>A Urzelina \u00e9 uma freguesia paradis\u00edaca, que tem muto a oferecer a quem a visita e que n\u00e3o&nbsp;deve ser esquecida, mas sim enriquecida e melhorada.<\/p>\n\n\n\n<p><br>Manter o que h\u00e1 de mais tradicional nesta freguesia, \u00e9 enriquecer a ilha e o&nbsp;Concelho de Velas em especial, \u00e9 recordar aos jorgenses que a ilha de S\u00e3o Jorge \u00e9 uma&nbsp;ilha cheia de vida e riquezas incalcul\u00e1veis, e \u00e9 atrair at\u00e9 \u00e0 mesma a curiosidade de quem&nbsp;visita os A\u00e7ores e quer conhecer o que h\u00e1 de mais t\u00edpico e culturalmente tradicional em&nbsp;cada freguesia, concelho e ilha dos A\u00e7ores.<\/p>\n","protected":false},"excerpt":{"rendered":"<p>\u201cExiste nesta ilha um deleitoso sitio, t\u00e3o deliciosamente po\u00e9tico que, no dizer de muitos, pode considerar-se sem exagero um mimoso \u00e9den; \u00e9 a Freguesia da<\/p>\n","protected":false},"author":1,"featured_media":0,"parent":0,"menu_order":0,"comment_status":"open","ping_status":"open","template":"","meta":[],"_links":{"self":[{"href":"https:\/\/freguesiadeurzelina.pt\/index.php?rest_route=\/wp\/v2\/pages\/302"}],"collection":[{"href":"https:\/\/freguesiadeurzelina.pt\/index.php?rest_route=\/wp\/v2\/pages"}],"about":[{"href":"https:\/\/freguesiadeurzelina.pt\/index.php?rest_route=\/wp\/v2\/types\/page"}],"author":[{"embeddable":true,"href":"https:\/\/freguesiadeurzelina.pt\/index.php?rest_route=\/wp\/v2\/users\/1"}],"replies":[{"embeddable":true,"href":"https:\/\/freguesiadeurzelina.pt\/index.php?rest_route=%2Fwp%2Fv2%2Fcomments&post=302"}],"version-history":[{"count":4,"href":"https:\/\/freguesiadeurzelina.pt\/index.php?rest_route=\/wp\/v2\/pages\/302\/revisions"}],"predecessor-version":[{"id":13804,"href":"https:\/\/freguesiadeurzelina.pt\/index.php?rest_route=\/wp\/v2\/pages\/302\/revisions\/13804"}],"wp:attachment":[{"href":"https:\/\/freguesiadeurzelina.pt\/index.php?rest_route=%2Fwp%2Fv2%2Fmedia&parent=302"}],"curies":[{"name":"wp","href":"https:\/\/api.w.org\/{rel}","templated":true}]}}

História da Freguesia

<p>“Existe nesta ilha um deleitoso sitio, tão deliciosamente poético que, no dizer de muitos, pode considerar-se sem exagero um mimoso éden; é a Freguesia da <b><i><span style="text-decoration: underline;">Urzelina.</span></i></b>&nbsp; “</p>



<p>Esta freguesia, com 13,67 km² de área. Densidade: 63,4 hab/km². Distante das Velas cerca de 10 quilómetros confina com a povoação de Santo António (Norte) junto às antigas lagoas da “Chã das Lagoinhas”, com o mar em toda a sua extensão sul, com a fajã de Santo Amaro através do caminho novo e do lugar da Ribeira do Nabo (oeste) e com os Terreiros, freguesia das Manadas (leste). Tem o nome alternativo de <b>São Mateus</b>, o seu santo padroeiro. O seu nome deriva da abundância de <a title="Urzela" href="http://pt.wikipedia.org/wiki/Urzela">urzela</a> nas rochas do seu litoral, sendo um dos locais de onde mais se exportava aquele líquene tintureiro.</p>



<h2><strong>Um paraíso à Beira-Mar. Uma Sintra Jorgense.</strong></h2>



<p>A Freguesia da Urzelina fica a 10 quilómetros de distância da Vila das Velas,&nbsp;tendo o seu fim, a Norte, com a freguesia de Santo António, junto às antigas Lagoas da&nbsp;“Chã das Lagoinhas”, a Sul, finda junto ao mar, sendo este uma das suas maiores&nbsp;riquezas económicas, a Oeste finda junto à Fajã de Santo Amaro, tendo como&nbsp;extremidade o Caminho Novo a Sul, e mais a Norte, a Ribeira do Nabo. A Leste a&nbsp;Freguesia da Urzelina faz fronteira com os Terreiros, um lugar pertencente à Freguesia&nbsp;de Manadas.</p>



<p><br>Segundo vários estudiosos, em especial, segundo José Bettencourt da Câmara&nbsp;(2019) 1 a freguesia da Urzelina é conhecida por este nome, devido à planta tintureira&nbsp;que ali abundava, a Urzela, desde cedo esta planta foi explorada para a indústria têxtil&nbsp;da ilha e da Europa, onde este produto não abundava.</p>



<p><br>A ilha de São Jorge é constituída por um alto dorso montanhoso, que se perlonga&nbsp;até à costa, terminando em bruscas falésias, ao fundo das quais, se formam as fajãs. Na&nbsp;Urzelina o efeito dos vulcões dá o ar de se ter atenuado, o que permitiu formar uma&nbsp;larga encosta que se alonga calmamente até ao mar.</p>



<p><br>Na Urzelina floresceram vinhedos e, mais tarde, laranjais. O Lugar dos&nbsp;Casteletes produziu, antes do enraizamento da filoxera na segunda metade do Século&nbsp;XIX e antes ainda da erupção vulcânica de 1808, um dos melhores vinhos das ilhas,&nbsp;capaz de competir com o vinho da vizinha ilha do Pico, que já chegou, em tempos&nbsp;longínquos, às mesas dos Czares de toda aa Rússia.</p>



<p><br>Não existem dados que nos dão a indicação da data da fundação da Freguesia da&nbsp;Urzelina como paróquia, sabendo-se, através dos registos de Gaspar Frutuoso, no seu&nbsp;livro “Saudades da Terra, Livro VI”, que esta não é uma paróquia do século XV, uma&nbsp;vez que não há registos de existir uma paróquia entre São Jorge, padroeiro da Vila das&nbsp;Velas, e Santa Bárbara, padroeira das Manadas. Havendo apenas referência à Ermida&nbsp;de Nossa Senhora da Luz, no lugar da Queimada, Freguesia de Santo Amaro. Ermida de&nbsp;pequenas dimensões, mas que ainda persiste até aos nossos dias.<br>Ainda tendo em conta o Livro “Saudades da Terra” de Gaspar Frutuoso, citado&nbsp;por José Bettencourt da Câmara (2019), a freguesia da Urzelina era, até meados do</p>



<p>Século XVI, pouco habitada, e era considerada como uma “Fajã das Velas”, mas já&nbsp;aparece nos registos intitulado com o nome de Urzelina.&nbsp;Outro cronista que é citado por Câmara (2019), é Frei Diogo das Chagas, com a sua&nbsp;obra “Espelho Cristalino em Jardim de Várias Flores”, século XVII, que se refere à&nbsp;Urzelina como “Ursalinha”, e que já lhe atribui São Mateus, como patrono e que já&nbsp;nesta altura temos a Urzelina como paróquia.</p>



<p><br>A Freguesia da Urzelina é conhecida como a “Sintra Jorgense”, sendo que esse&nbsp;nome se deve em muito ao facto de muitas das famílias afortunadas da ilha erguerem as&nbsp;casas de residência neste lugar, casas essas que ainda hoje demarcar a arquitetura da&nbsp;freguesia. Destacando-se a família Lacerda, da qual fazia parte um dos mais importantes<br>jorgenses da história da Ilha, Francisco Lacerda, que tinha uma casa de família no&nbsp;Fundo da Urzelina, parte mais leste da freguesia, um pouco mais a Norte do Porto da&nbsp;Urzelina e do seu forte. Essa casa fica junto da Torre da Urzelina, um dos mais&nbsp;importantes ícones da freguesia.</p>



<p><br>Atualmente a Freguesia da Urzelina é conhecida, por quem a visita e por muitos&nbsp;habitantes da Ilha, como um pequeno paraíso à Beira Mar, é ma freguesia que está&nbsp;muito ligada ao turismo, tem como espaços de fazer um Parque de Campismo e um&nbsp;complexo de piscinas ao ar livre, composto por uma piscina de maior profundidade e&nbsp;destinada aos maiores e melhores nadadores, e uma piscina mais pequena para os&nbsp;pequenos nadadores. Apresenta vários pontos balneares, abertos ao público em geral,&nbsp;onde se pode disfrutar de banhos de mar, e onde tem à sua disposição um conjunto de&nbsp;balneários e casas de banho, bem equipadas e sempre higienizadas, sendo de destacar, a&nbsp;zona balnear dos Portinhos, e a zona balnear do Porto da Ribeira do Nabo.</p>



<p><br>A nível de infraestruturas culturais, podemos destacar o Centro de Exposições&nbsp;rurais da Urzelina, um museu à beira-mar, constituído num antigo armazém de laranjas,&nbsp;e onde se pode recar no tempo, observando diversos objetos do quotidiano dos&nbsp;jorgenses, nos séculos anteriores.</p>



<p>A Torre da Antiga Igreja da Urzelina, que nos permite&nbsp;observar e relembrar a antiga freguesia, esta torre é de grande importância para a&nbsp;Freguesia, pois lembra aos urzelinenses a sua antiga igreja, igreja esta que ficou&nbsp;subterrada após o vulcão de 1808. E os Moinhos do lugar dos casteletes e do lugar dos&nbsp;Portinhos, que foram restaurados e conservados, podendo ser visitados por todos e&nbsp;mantendo viva a memória das atividades económicas da freguesia.</p>



<p>O Porto da Urzelina também é uma zona muito importante da freguesia, pois não&nbsp;só dele vemos sair vários barcos de pesca e de recreio, como no passado, este serviu&nbsp;uma acentuada produção e exportação de laranjas, cultura que marcou a freguesia&nbsp;economicamente.</p>



<p><br>O Forte da Urzelina, localizado no porto da Urzelina, é uma importante&nbsp;infraestrutura que demarca a importância estratégica da freguesia, devido à sua&nbsp;localização costeira, e às várias atividades económicas que fizeram parte da mesma,&nbsp;como a produção de vinho e as plantações de laranja. É uma peça arquitectónica que já&nbsp;serviu a defesa costeira da ilha e que apresenta, no seu interior, peças de artilharia que&nbsp;deviam ser estudadas e preservadas.</p>



<p><br>A Urzelina, a nível económico, apresenta duas padarias/ pastelarias, que fazem&nbsp;as delícias de quem visita a freguesia e que garante a distribuição de pão a todos os&nbsp;habitantes da mesma. Tem no seu conjunto quatro restaurantes que empregam um&nbsp;considerável número de pessoas, e que dão a conhecer as delícias gastronómicas da ilha.</p>



<p>Tem uma oficina de carros acompanhada por um stand, uma bomba de combustível, e<br>uma cooperativa de artesanato.</p>



<p>A Cooperativa de artesanato situa-se no Lugar da Ribeira do Nabo, lugar que&nbsp;tem como padroeira Nossa Senhora da Encarnação. Na minha opinião, a Cooperativa de&nbsp;Artesanato da Ribeira do Nabo é muito mais do que uma atividade económica, é um&nbsp;lugar onde se mantém viva uma cultura de artesanato que faz parte da história da&nbsp;freguesia, é um lugar de memória e conservação de património material, os teares e as&nbsp;mantas feitas de forma artesanal e tradicional, e um lugar de preservação de um&nbsp;património imaterial importante e com necessidade urgente de preservação, os saberes e&nbsp;as técnicas do tear, do fiar e da tecelagem. Igual a esta cooperativa só existe mais uma&nbsp;na ilha, na Fajã dos Vimes, uma pequena cooperativa mantida por uma família da zona.</p>



<p><br>Em suma, a freguesia da Urzelina não é das mais antigas da ilha, não é paróquia&nbsp;desde o século XV, nem teve uma importância económica para a ilha desde os&nbsp;primórdios da mesma, contudo foi evoluindo de forma significativa, foi crescendo a&nbsp;nível de infraestruturas e população, e hoje é uma das freguesias mais importantes da&nbsp;Ilha, nesta freguesia houve a fixação de famílias das mais importantes da ilha,&nbsp;implementou-se estruturas económicas de fários sectores económicos, e hoje temos um&nbsp;freguesia imensamente marcada pelo turismo de lazer e pelo turismo cultural.&nbsp;</p>



<p>A Urzelina é uma freguesia paradisíaca, que tem muto a oferecer a quem a visita e que não&nbsp;deve ser esquecida, mas sim enriquecida e melhorada.</p>



<p><br>Manter o que há de mais tradicional nesta freguesia, é enriquecer a ilha e o&nbsp;Concelho de Velas em especial, é recordar aos jorgenses que a ilha de São Jorge é uma&nbsp;ilha cheia de vida e riquezas incalculáveis, e é atrair até à mesma a curiosidade de quem&nbsp;visita os Açores e quer conhecer o que há de mais típico e culturalmente tradicional em&nbsp;cada freguesia, concelho e ilha dos Açores.</p>

<p>“Existe nesta ilha um deleitoso sitio, tão deliciosamente poético que, no dizer de muitos, pode considerar-se sem exagero um mimoso éden; é a Freguesia da</p>
