{"id":21,"date":"2022-05-09T21:16:00","date_gmt":"2022-05-09T22:16:00","guid":{"rendered":"http:\/\/freguesiadeurzelina.pt\/?page_id=21"},"modified":"2025-12-11T14:48:27","modified_gmt":"2025-12-11T15:48:27","slug":"contatos","status":"publish","type":"page","link":"https:\/\/freguesiadeurzelina.pt\/?page_id=21","title":{"rendered":"Contatos"},"content":{"rendered":"<div class=\"brz-root__container brz-reset-all\">\n<section data-uid=\"oneznaescqroaqupnoycefplsgnidgxpusto\" id=\"oneznaescqroaqupnoycefplsgnidgxpusto\" class=\"brz-section brz-css-bzqpm\">\n<div class=\"brz-section__content brz-section--boxed brz-css-watiy brz-css-nlxzd\" data-custom-id=\"qsuuuocbfnbostmugzzpffsxorlhjmmznbiu\">\n<div class=\"brz-container brz-css-ydmfw\">\n<div class=\"brz-row__container brz-css-vcmlv\" data-custom-id=\"fgbkesedhqkvkcpkzrbzjgxsxkdctjjccjty\">\n<div class=\"brz-row brz-css-idpqi brz-css-yuvkj\">\n<div class=\"brz-columns brz-css-ypbna brz-css-hujvm\" data-custom-id=\"ofudnnspwslgubuwpwyxafcgmuakwijhipay\">\n<div class=\"brz-column__items brz-css-jumfs brz-css-kmitw\">\n<div class=\"brz-css-suyhz brz-wrapper\">\n<div class=\"brz-rich-text brz-css-qayai\" data-custom-id=\"skegjdjqgmvmtdntaplivnxqcjqxrwoohoom\">\n<div>\n<h4 class=\"brz-css-lkrdy\" data-uniq-id=\"iprcq\" data-generated-css=\"brz-css-irrkw\">Junta de Freguesia de Urzelina<\/h4>\n<p class=\"brz-css-pqkrr\" data-uniq-id=\"ppfem\" data-generated-css=\"brz-css-qslcr\"><span class=\"brz-cp-color7\">Presa da Cal\u00e7ada, 40<\/span><\/p>\n<p class=\"brz-css-wxdmj\" data-uniq-id=\"ppfem\" data-generated-css=\"brz-css-qslcr\"><span style=\"color: rgb(102, 102, 102); background-color: initial; word-spacing: normal; caret-color: auto;\">9800-435 Urzelina &#8211; Ilha de S\u00e3o Jorge<\/span><\/p>\n<p class=\"brz-css-njvsx\" data-uniq-id=\"hwyns\" data-generated-css=\"brz-css-pnqtc\"><span class=\"brz-cp-color7\">A\u00e7ores &#8211; Portugal<\/span><\/p>\n<p class=\"brz-css-vatox\" data-uniq-id=\"wjybr\" data-generated-css=\"brz-css-dmaqv\"><\/p>\n<p class=\"brz-css-srbbp\" data-uniq-id=\"ldbqm\" data-generated-css=\"brz-css-doybe\"><\/p>\n<p class=\"brz-css-eqvbs\" data-uniq-id=\"bdczu\" data-generated-css=\"brz-css-xfcgr\"><span class=\"brz-cp-color7\">N\u00daMERO FIXO:<\/span><\/p>\n<p class=\"brz-css-lfpii\" data-uniq-id=\"jrkzp\" data-generated-css=\"brz-css-bzzqa\"><span class=\"brz-cp-color7\">(+ 351)\u00a0<\/span><strong class=\"brz-cp-color7\">295 414 504<\/strong><\/p>\n<p class=\"brz-css-jebua\" data-uniq-id=\"ystiz\" data-generated-css=\"brz-css-phyvk\"><span class=\"brz-cp-color7\">E-MAIL GERAL:<\/span><\/p>\n<p class=\"brz-css-cnwvb\" data-uniq-id=\"jtznq\" data-generated-css=\"brz-css-gyuqa\"><strong class=\"brz-cp-color7\" style=\"color: rgb(0, 152, 148);\">jfurzelina@msn.com<\/strong><\/p>\n<p class=\"brz-css-eeojp\" data-uniq-id=\"oqqms\" data-generated-css=\"brz-css-khmtj\"><span class=\"brz-cp-color7\"> <\/span><\/p>\n<p class=\"brz-css-dnjur\" data-uniq-id=\"wxoab\" data-generated-css=\"brz-css-gvhqu\"><span class=\"brz-cp-color7\">HOR\u00c1RIO DE FUNCIONAMENTO:<\/span><\/p>\n<p class=\"brz-css-osiia\" data-uniq-id=\"iaydx\" data-generated-css=\"brz-css-ojhhx\"><span class=\"brz-cp-color7\">8h30 \u00e0s 12h00 e das 13h00 \u00e0s 16h30<\/span><\/p>\n<\/div>\n<\/div>\n<\/div>\n<div class=\"brz-css-suyhz brz-css-cgymi brz-css-ywbvj brz-wrapper\">\n<div class=\"brz-spacer brz-css-caeym brz-css-ruvwo\"><\/div>\n<\/div>\n<\/div>\n<\/div>\n<div class=\"brz-columns brz-css-ypbna brz-css-thudt\" data-custom-id=\"xghaepnpvlmztsvnowdqbcqrldhmyzzsgtmx\">\n<div class=\"brz-column__items brz-css-jumfs brz-css-qyhpc\">\n<div class=\"brz-css-suyhz brz-wrapper\">\n<div class=\"brz-wp-shortcode brz-css-baigh\" data-custom-id=\"bljfakohjgymxmigbcepsvhpzhuwgqekkxwo\">\n<div><iframe src=\"https:\/\/www.google.com\/maps\/embed?pb=!1m18!1m12!1m3!1d59270.00830841253!2d-28.131003483154288!3d38.67195780436184!2m3!1f0!2f0!3f0!3m2!1i1024!2i768!4f13.1!3m3!1m2!1s0xb47b92e82b6234d%3A0x7e411ac1cd44f902!2sJunta%20de%20Freguesia%20de%20Urzelina%20(S%C3%A3o%20Mateus)!5e0!3m2!1spt-PT!2spt!4v1649247045177!5m2!1spt-PT!2spt\" width=\"600\" height=\"450\" style=\"border:0;\" allowfullscreen loading=\"lazy\" referrerpolicy=\"no-referrer-when-downgrade\"><\/iframe>\n<\/div>\n<\/div>\n<\/div>\n<\/div>\n<\/div>\n<\/div>\n<\/div>\n<\/div>\n<\/div>\n<\/section>\n<\/div>\n<p><!-- version:1765468106 --><\/p>\n","protected":false},"excerpt":{"rendered":"<p>Junta de Freguesia de Urzelina Presa da Cal\u00e7ada, 40 9800-435 Urzelina &#8211; Ilha de S\u00e3o Jorge A\u00e7ores &#8211; Portugal N\u00daMERO FIXO: (+ 351)\u00a0295 414 504<\/p>\n","protected":false},"author":1,"featured_media":0,"parent":0,"menu_order":0,"comment_status":"open","ping_status":"open","template":"brizy-blank-template.php","meta":[],"_links":{"self":[{"href":"https:\/\/freguesiadeurzelina.pt\/index.php?rest_route=\/wp\/v2\/pages\/21"}],"collection":[{"href":"https:\/\/freguesiadeurzelina.pt\/index.php?rest_route=\/wp\/v2\/pages"}],"about":[{"href":"https:\/\/freguesiadeurzelina.pt\/index.php?rest_route=\/wp\/v2\/types\/page"}],"author":[{"embeddable":true,"href":"https:\/\/freguesiadeurzelina.pt\/index.php?rest_route=\/wp\/v2\/users\/1"}],"replies":[{"embeddable":true,"href":"https:\/\/freguesiadeurzelina.pt\/index.php?rest_route=%2Fwp%2Fv2%2Fcomments&post=21"}],"version-history":[{"count":15,"href":"https:\/\/freguesiadeurzelina.pt\/index.php?rest_route=\/wp\/v2\/pages\/21\/revisions"}],"predecessor-version":[{"id":14351,"href":"https:\/\/freguesiadeurzelina.pt\/index.php?rest_route=\/wp\/v2\/pages\/21\/revisions\/14351"}],"wp:attachment":[{"href":"https:\/\/freguesiadeurzelina.pt\/index.php?rest_route=%2Fwp%2Fv2%2Fmedia&parent=21"}],"curies":[{"name":"wp","href":"https:\/\/api.w.org\/{rel}","templated":true}]}}