{"id":13928,"date":"2022-05-30T18:36:40","date_gmt":"2022-05-30T19:36:40","guid":{"rendered":"https:\/\/freguesiadeurzelina.pt\/?page_id=13928"},"modified":"2022-05-30T18:36:41","modified_gmt":"2022-05-30T19:36:41","slug":"historia-da-torre-2","status":"publish","type":"page","link":"https:\/\/freguesiadeurzelina.pt\/?page_id=13928","title":{"rendered":"Hist\u00f3ria da Torre"},"content":{"rendered":"\n<p>Por iniciativa do padre Amaro Teixeira Brasil, e em peti\u00e7\u00e3o de 25 de Outubro de 1704 temos conhecimento do processo de adjudica\u00e7\u00e3o da primeira igreja da Urzelina. Nesse mesmo documento toma-se conhecimento de que at\u00e9 ent\u00e3o as celebra\u00e7\u00f5es eram efectuadas em casa de \u201c<em>extrema pobreza<\/em>\u201d. Na data atr\u00e1s referido ocorre o primeiro preg\u00e3o para adjudica\u00e7\u00e3o da obra. Acabaria por ficar encarregado dela quer para os trabalhos de pedreiro como de carpinteiro, Bartolomeu Lu\u00eds.<\/p>\n\n\n\n<p>Em 1 de Maio de 1808, ocorre a erup\u00e7\u00e3o vulc\u00e2nica que ficaria para a hist\u00f3ria com a denomina\u00e7\u00e3o de Vulc\u00e3o da Urzelina. Esta erup\u00e7\u00e3o revestiu-se de caracter\u00edsticas muito peculiares, nunca observadas em tempos modernos uma vez que se revestia dos moldes da de Pompeia.<\/p>\n\n\n\n<p>A corrente de lava arrastou o corpo da igreja, que era voltada a poente. S\u00f3 restou a torre e parte da fachada, ficando como marco hist\u00f3rico deste terr\u00edvel acontecimento. Quase de imediato transformou-se no ex-l\u00edbris da freguesia, e todo e qualquer forasteiro que por l\u00e1 passava n\u00e3o deixava de a visitar.<\/p>\n\n\n\n<p>Em 1866, a Junta da Par\u00f3quia decide demoli-la para venda da sua pedra, tendo sido consignou em or\u00e7amento, que viria a ser eliminada pelo chefe do distrito em consequ\u00eancia de deferimento a uma reclama\u00e7\u00e3o do ent\u00e3o administrador do concelho, dr. Jos\u00e9 Soares Teixeira de Sousa, que se opunha tenazmente \u00e0 sua demoli\u00e7\u00e3o por considerar que a mesma era um marco hist\u00f3rico para a posteridade.<\/p>\n\n\n\n<p>Na d\u00e9cada de 80 do passado s\u00e9culo a Junta de Freguesia com autoriza\u00e7\u00e3o da fam\u00edlia Noronha, criou um acesso directo a partir da estrada, para a mesma, quando tamb\u00e9m procedeu a obras de restauro e consolida\u00e7\u00e3o da mesma. Hoje \u00e9 paragem obrigat\u00f3ria de todos os turistas que pela freguesia passam sobretudo que a partir do 2\u00ba centen\u00e1rio da erup\u00e7\u00e3o foi implantado na berma da estrada sobranceira \u00e1 dita, um monumento alusivo de concep\u00e7\u00e3o do conhecido artista pl\u00e1stico Seixas Peixoto.<\/p>\n","protected":false},"excerpt":{"rendered":"<p>Por iniciativa do padre Amaro Teixeira Brasil, e em peti\u00e7\u00e3o de 25 de Outubro de 1704 temos conhecimento do processo de adjudica\u00e7\u00e3o da primeira igreja<\/p>\n","protected":false},"author":1,"featured_media":0,"parent":0,"menu_order":0,"comment_status":"closed","ping_status":"closed","template":"","meta":[],"_links":{"self":[{"href":"https:\/\/freguesiadeurzelina.pt\/index.php?rest_route=\/wp\/v2\/pages\/13928"}],"collection":[{"href":"https:\/\/freguesiadeurzelina.pt\/index.php?rest_route=\/wp\/v2\/pages"}],"about":[{"href":"https:\/\/freguesiadeurzelina.pt\/index.php?rest_route=\/wp\/v2\/types\/page"}],"author":[{"embeddable":true,"href":"https:\/\/freguesiadeurzelina.pt\/index.php?rest_route=\/wp\/v2\/users\/1"}],"replies":[{"embeddable":true,"href":"https:\/\/freguesiadeurzelina.pt\/index.php?rest_route=%2Fwp%2Fv2%2Fcomments&post=13928"}],"version-history":[{"count":1,"href":"https:\/\/freguesiadeurzelina.pt\/index.php?rest_route=\/wp\/v2\/pages\/13928\/revisions"}],"predecessor-version":[{"id":13929,"href":"https:\/\/freguesiadeurzelina.pt\/index.php?rest_route=\/wp\/v2\/pages\/13928\/revisions\/13929"}],"wp:attachment":[{"href":"https:\/\/freguesiadeurzelina.pt\/index.php?rest_route=%2Fwp%2Fv2%2Fmedia&parent=13928"}],"curies":[{"name":"wp","href":"https:\/\/api.w.org\/{rel}","templated":true}]}}