{"id":13914,"date":"2022-05-12T11:43:55","date_gmt":"2022-05-12T12:43:55","guid":{"rendered":"https:\/\/freguesiadeurzelina.pt\/?page_id=13914"},"modified":"2022-05-13T11:59:26","modified_gmt":"2022-05-13T12:59:26","slug":"heraldica","status":"publish","type":"page","link":"https:\/\/freguesiadeurzelina.pt\/?page_id=13914","title":{"rendered":"Her\u00e1ldica"},"content":{"rendered":"\n<div class=\"wp-block-image\"><figure class=\"aligncenter size-full\"><img loading=\"lazy\" width=\"250\" height=\"268\" src=\"https:\/\/freguesiadeurzelina.pt\/wp-content\/uploads\/2022\/02\/cropped-cropped-cropped-urzelina-e1643751015793.png\" alt=\"\" class=\"wp-image-13142\"\/><\/figure><\/div>\n\n\n\n<p class=\"has-text-align-center\"><strong>Justifica\u00e7\u00e3o dos S\u00edmbolos<\/strong><\/p>\n\n\n\n<p class=\"has-text-align-center\"><strong>Saco de Dinheiro<\/strong><\/p>\n\n\n\n<p class=\"has-text-align-center\">Representa o orago e segundo elemento topon\u00edmico da freguesia: S\u00e3o Mateus.<\/p>\n\n\n\n<p class=\"has-text-align-center\"><strong>Ramos de Urzela<\/strong><\/p>\n\n\n\n<p class=\"has-text-align-center\">Representa o primeiro elemento topon\u00edmico &#8220;Urzelina&#8221;, assi, como a beleza natural da freguesia.<\/p>\n\n\n\n<p class=\"has-text-align-center\"><strong>Torre Sineira<\/strong><\/p>\n\n\n\n<p class=\"has-text-align-center\">Representa a Igreja Paroquial, um dos edif\u00edcios que mais danos sofreu com a erup\u00e7\u00e3o vulc\u00e2nica de&nbsp;1808 e que por isso teve de ser reconstru\u00edda em 1822.<\/p>\n","protected":false},"excerpt":{"rendered":"<p>Justifica\u00e7\u00e3o dos S\u00edmbolos Saco de Dinheiro Representa o orago e segundo elemento topon\u00edmico da freguesia: S\u00e3o Mateus. Ramos de Urzela Representa o primeiro elemento topon\u00edmico<\/p>\n","protected":false},"author":1,"featured_media":0,"parent":0,"menu_order":0,"comment_status":"closed","ping_status":"closed","template":"","meta":[],"_links":{"self":[{"href":"https:\/\/freguesiadeurzelina.pt\/index.php?rest_route=\/wp\/v2\/pages\/13914"}],"collection":[{"href":"https:\/\/freguesiadeurzelina.pt\/index.php?rest_route=\/wp\/v2\/pages"}],"about":[{"href":"https:\/\/freguesiadeurzelina.pt\/index.php?rest_route=\/wp\/v2\/types\/page"}],"author":[{"embeddable":true,"href":"https:\/\/freguesiadeurzelina.pt\/index.php?rest_route=\/wp\/v2\/users\/1"}],"replies":[{"embeddable":true,"href":"https:\/\/freguesiadeurzelina.pt\/index.php?rest_route=%2Fwp%2Fv2%2Fcomments&post=13914"}],"version-history":[{"count":2,"href":"https:\/\/freguesiadeurzelina.pt\/index.php?rest_route=\/wp\/v2\/pages\/13914\/revisions"}],"predecessor-version":[{"id":13924,"href":"https:\/\/freguesiadeurzelina.pt\/index.php?rest_route=\/wp\/v2\/pages\/13914\/revisions\/13924"}],"wp:attachment":[{"href":"https:\/\/freguesiadeurzelina.pt\/index.php?rest_route=%2Fwp%2Fv2%2Fmedia&parent=13914"}],"curies":[{"name":"wp","href":"https:\/\/api.w.org\/{rel}","templated":true}]}}

Heráldica

<div class="wp-block-image"><figure class="aligncenter size-full"><img loading="lazy" width="250" height="268" src="https://freguesiadeurzelina.pt/wp-content/uploads/2022/02/cropped-cropped-cropped-urzelina-e1643751015793.png" alt="" class="wp-image-13142"/></figure></div>



<p class="has-text-align-center"><strong>Justificação dos Símbolos</strong></p>



<p class="has-text-align-center"><strong>Saco de Dinheiro</strong></p>



<p class="has-text-align-center">Representa o orago e segundo elemento toponímico da freguesia: São Mateus.</p>



<p class="has-text-align-center"><strong>Ramos de Urzela</strong></p>



<p class="has-text-align-center">Representa o primeiro elemento toponímico &#8220;Urzelina&#8221;, assi, como a beleza natural da freguesia.</p>



<p class="has-text-align-center"><strong>Torre Sineira</strong></p>



<p class="has-text-align-center">Representa a Igreja Paroquial, um dos edifícios que mais danos sofreu com a erupção vulcânica de&nbsp;1808 e que por isso teve de ser reconstruída em 1822.</p>

<p>Justificação dos Símbolos Saco de Dinheiro Representa o orago e segundo elemento toponímico da freguesia: São Mateus. Ramos de Urzela Representa o primeiro elemento toponímico</p>
