{"id":13714,"date":"2022-05-07T11:44:21","date_gmt":"2022-05-07T12:44:21","guid":{"rendered":"https:\/\/freguesiadeurzelina.pt\/?page_id=13714"},"modified":"2025-02-25T13:09:06","modified_gmt":"2025-02-25T14:09:06","slug":"documentos-jf","status":"publish","type":"page","link":"https:\/\/freguesiadeurzelina.pt\/?page_id=13714","title":{"rendered":"Documentos JF"},"content":{"rendered":"\n<ul><li><a href=\"https:\/\/freguesiadeurzelina.pt\/wp-content\/uploads\/2025\/02\/Ficha-do-Projeto.pdf\" target=\"_blank\" rel=\"noreferrer noopener\">Requalifica\u00e7\u00e3o do Moinho da Marginal dos Casteletes<\/a><\/li><li><a rel=\"noreferrer noopener\" href=\"https:\/\/freguesiadeurzelina.pt\/wp-content\/uploads\/2024\/04\/Plano-de-Riscos-de-Corrupcao-e-Infracoes-Conexas.pdf\" target=\"_blank\">Plano de Riscos de Corrup\u00e7\u00e3o e Infra\u00e7\u00f5es Conexas<\/a><\/li><li><a rel=\"noreferrer noopener\" href=\"https:\/\/freguesiadeurzelina.pt\/wp-content\/uploads\/2023\/04\/Norma-de-Controlo-Interno.pdf\" target=\"_blank\">Norma de Controlo Interno<\/a><\/li><li><a rel=\"noreferrer noopener\" href=\"https:\/\/freguesiadeurzelina.pt\/wp-content\/uploads\/2022\/05\/CodigoConduta.pdf\" target=\"_blank\">C\u00f3digo de Conduta<\/a><\/li><\/ul>\n\n\n\n<p><\/p>\n","protected":false},"excerpt":{"rendered":"<p>Requalifica\u00e7\u00e3o do Moinho da Marginal dos Casteletes Plano de Riscos de Corrup\u00e7\u00e3o e Infra\u00e7\u00f5es Conexas Norma de Controlo Interno C\u00f3digo de Conduta<\/p>\n","protected":false},"author":1,"featured_media":0,"parent":0,"menu_order":0,"comment_status":"closed","ping_status":"closed","template":"","meta":[],"_links":{"self":[{"href":"https:\/\/freguesiadeurzelina.pt\/index.php?rest_route=\/wp\/v2\/pages\/13714"}],"collection":[{"href":"https:\/\/freguesiadeurzelina.pt\/index.php?rest_route=\/wp\/v2\/pages"}],"about":[{"href":"https:\/\/freguesiadeurzelina.pt\/index.php?rest_route=\/wp\/v2\/types\/page"}],"author":[{"embeddable":true,"href":"https:\/\/freguesiadeurzelina.pt\/index.php?rest_route=\/wp\/v2\/users\/1"}],"replies":[{"embeddable":true,"href":"https:\/\/freguesiadeurzelina.pt\/index.php?rest_route=%2Fwp%2Fv2%2Fcomments&post=13714"}],"version-history":[{"count":5,"href":"https:\/\/freguesiadeurzelina.pt\/index.php?rest_route=\/wp\/v2\/pages\/13714\/revisions"}],"predecessor-version":[{"id":14234,"href":"https:\/\/freguesiadeurzelina.pt\/index.php?rest_route=\/wp\/v2\/pages\/13714\/revisions\/14234"}],"wp:attachment":[{"href":"https:\/\/freguesiadeurzelina.pt\/index.php?rest_route=%2Fwp%2Fv2%2Fmedia&parent=13714"}],"curies":[{"name":"wp","href":"https:\/\/api.w.org\/{rel}","templated":true}]}}

<ul><li><a href="https://freguesiadeurzelina.pt/wp-content/uploads/2025/02/Ficha-do-Projeto.pdf" target="_blank" rel="noreferrer noopener">Requalificação do Moinho da Marginal dos Casteletes</a></li><li><a rel="noreferrer noopener" href="https://freguesiadeurzelina.pt/wp-content/uploads/2024/04/Plano-de-Riscos-de-Corrupcao-e-Infracoes-Conexas.pdf" target="_blank">Plano de Riscos de Corrupção e Infrações Conexas</a></li><li><a rel="noreferrer noopener" href="https://freguesiadeurzelina.pt/wp-content/uploads/2023/04/Norma-de-Controlo-Interno.pdf" target="_blank">Norma de Controlo Interno</a></li><li><a rel="noreferrer noopener" href="https://freguesiadeurzelina.pt/wp-content/uploads/2022/05/CodigoConduta.pdf" target="_blank">Código de Conduta</a></li></ul>



<p></p>

<p>Requalificação do Moinho da Marginal dos Casteletes Plano de Riscos de Corrupção e Infrações Conexas Norma de Controlo Interno Código de Conduta</p>
