{"id":13528,"date":"2022-04-05T14:34:29","date_gmt":"2022-04-05T15:34:29","guid":{"rendered":"https:\/\/freguesiadeurzelina.pt\/?page_id=13528"},"modified":"2025-11-04T14:36:44","modified_gmt":"2025-11-04T15:36:44","slug":"composicao","status":"publish","type":"page","link":"https:\/\/freguesiadeurzelina.pt\/?page_id=13528","title":{"rendered":"Composi\u00e7\u00e3o"},"content":{"rendered":"\n<h2 class=\"has-medium-font-size\">Assembleia de Freguesia<\/h2>\n\n\n\n<h2 class=\"has-medium-font-size\">Presidente<\/h2>\n\n\n\n<p>Bruno Miguel Ortiz Soares<\/p>\n\n\n\n<h2 class=\"has-medium-font-size\">1\u00ba Secret\u00e1ria<\/h2>\n\n\n\n<p>Aida Maria dos Santos Soares<\/p>\n\n\n\n<h2 class=\"has-medium-font-size\">2\u00ba Secret\u00e1rio<\/h2>\n\n\n\n<p>Jos\u00e9 Carlos Soares da Silva<\/p>\n\n\n\n<h2 class=\"has-medium-font-size\">Vogal<\/h2>\n\n\n\n<p>Z\u00e9lia Madalena Serpa Goulart Sousa<\/p>\n\n\n\n<h2 class=\"has-medium-font-size\">Vogal<\/h2>\n\n\n\n<p>Lu\u00edsa Pereira Soares Barbosa<\/p>\n\n\n\n<h2 class=\"has-medium-font-size\">Vogal<\/h2>\n\n\n\n<p>M\u00e1rcio Gomes Almeida<\/p>\n\n\n\n<h2 class=\"has-medium-font-size\">Vogal<\/h2>\n\n\n\n<p>Ant\u00f3nio Constantino Nascimento<\/p>\n\n\n\n<p><\/p>\n","protected":false},"excerpt":{"rendered":"<p>Assembleia de Freguesia Presidente Bruno Miguel Ortiz Soares 1\u00ba Secret\u00e1ria Aida Maria dos Santos Soares 2\u00ba Secret\u00e1rio Jos\u00e9 Carlos Soares da Silva Vogal Z\u00e9lia Madalena<\/p>\n","protected":false},"author":1,"featured_media":0,"parent":0,"menu_order":0,"comment_status":"closed","ping_status":"closed","template":"","meta":[],"_links":{"self":[{"href":"https:\/\/freguesiadeurzelina.pt\/index.php?rest_route=\/wp\/v2\/pages\/13528"}],"collection":[{"href":"https:\/\/freguesiadeurzelina.pt\/index.php?rest_route=\/wp\/v2\/pages"}],"about":[{"href":"https:\/\/freguesiadeurzelina.pt\/index.php?rest_route=\/wp\/v2\/types\/page"}],"author":[{"embeddable":true,"href":"https:\/\/freguesiadeurzelina.pt\/index.php?rest_route=\/wp\/v2\/users\/1"}],"replies":[{"embeddable":true,"href":"https:\/\/freguesiadeurzelina.pt\/index.php?rest_route=%2Fwp%2Fv2%2Fcomments&post=13528"}],"version-history":[{"count":5,"href":"https:\/\/freguesiadeurzelina.pt\/index.php?rest_route=\/wp\/v2\/pages\/13528\/revisions"}],"predecessor-version":[{"id":14311,"href":"https:\/\/freguesiadeurzelina.pt\/index.php?rest_route=\/wp\/v2\/pages\/13528\/revisions\/14311"}],"wp:attachment":[{"href":"https:\/\/freguesiadeurzelina.pt\/index.php?rest_route=%2Fwp%2Fv2%2Fmedia&parent=13528"}],"curies":[{"name":"wp","href":"https:\/\/api.w.org\/{rel}","templated":true}]}}

Composição

<h2 class="has-medium-font-size">Assembleia de Freguesia</h2>



<h2 class="has-medium-font-size">Presidente</h2>



<p>Bruno Miguel Ortiz Soares</p>



<h2 class="has-medium-font-size">1º Secretária</h2>



<p>Aida Maria dos Santos Soares</p>



<h2 class="has-medium-font-size">2º Secretário</h2>



<p>José Carlos Soares da Silva</p>



<h2 class="has-medium-font-size">Vogal</h2>



<p>Zélia Madalena Serpa Goulart Sousa</p>



<h2 class="has-medium-font-size">Vogal</h2>



<p>Luísa Pereira Soares Barbosa</p>



<h2 class="has-medium-font-size">Vogal</h2>



<p>Márcio Gomes Almeida</p>



<h2 class="has-medium-font-size">Vogal</h2>



<p>António Constantino Nascimento</p>



<p></p>

<p>Assembleia de Freguesia Presidente Bruno Miguel Ortiz Soares 1º Secretária Aida Maria dos Santos Soares 2º Secretário José Carlos Soares da Silva Vogal Zélia Madalena</p>
