{"id":13521,"date":"2022-04-05T14:29:54","date_gmt":"2022-04-05T15:29:54","guid":{"rendered":"https:\/\/freguesiadeurzelina.pt\/?page_id=13521"},"modified":"2022-05-07T21:26:26","modified_gmt":"2022-05-07T22:26:26","slug":"animacao-turistica","status":"publish","type":"page","link":"https:\/\/freguesiadeurzelina.pt\/?page_id=13521","title":{"rendered":"Anima\u00e7\u00e3o Tur\u00edstica"},"content":{"rendered":"\n<h2><strong>Azorean Dream Yacth C<\/strong>harter<\/h2>\n\n\n\n<ul><li>Morada|<em>Adress<\/em>:\u00a0Estrada Marginal dos Casteletes, 9800-429 Urzelina<\/li><li>Telefone|<em>Cellphone:\u00a0\u00a0<\/em>912 553 039<\/li><li>E-mail:\u00a0azoreandream@gmail.com<\/li><li>URL:\u00a0<a rel=\"noreferrer noopener\" href=\"http:\/\/www.azoreandream.net\/\" target=\"_blank\">www.azoreandream.net<\/a><\/li><\/ul>\n\n\n\n<h2>Sea Explorers Azores<\/h2>\n\n\n\n<ul><li>Morada|<em>Adress<\/em>: Marginal dos Casteletes, 16 9800-429 Urzelina<\/li><li>Telefone|<em>Cellphone:\u00a0<\/em>918484800 ou 968950282<\/li><li>E-mail:\u00a0<a href=\"mailto:seaexplorersazores@gmail.com\">seaexplorersazores@gmail.com<\/a><\/li><\/ul>\n\n\n\n<h2>S\u00e3o Jorge Dive and Sail Center<\/h2>\n\n\n\n<ul><li>Morada|<em>Adress<\/em>: Marginal dos Casteletes, 16 9800-429 Urzelina<\/li><li>Telefone|<em>Cellphone:\u00a0<\/em>918484800 ou 968950282<\/li><li>E-mail:\u00a0<a href=\"mailto:sjzdiveandsail@gmail.com\">sjzdiveandsail@gmail.com<\/a><\/li><li>URL:\u00a0http:\/\/www.sjzdiveandsail.com<\/li><\/ul>\n\n\n\n<h2>Agua Crava<\/h2>\n\n\n\n<ul><li>Morada|<em>Adress<\/em>: Marginal dos Casteletes, 16 9800-429 Urzelina<\/li><li>Telefone|<em>Cellphone:<\/em>914825419<\/li><li>E-mail:\u00a0aguardava.com@gmail.com<\/li><\/ul>\n","protected":false},"excerpt":{"rendered":"<p>Azorean Dream Yacth Charter Morada|Adress:\u00a0Estrada Marginal dos Casteletes, 9800-429 Urzelina Telefone|Cellphone:\u00a0\u00a0912 553 039 E-mail:\u00a0azoreandream@gmail.com URL:\u00a0www.azoreandream.net Sea Explorers Azores Morada|Adress: Marginal dos Casteletes, 16 9800-429 Urzelina<\/p>\n","protected":false},"author":1,"featured_media":0,"parent":0,"menu_order":0,"comment_status":"closed","ping_status":"closed","template":"","meta":[],"_links":{"self":[{"href":"https:\/\/freguesiadeurzelina.pt\/index.php?rest_route=\/wp\/v2\/pages\/13521"}],"collection":[{"href":"https:\/\/freguesiadeurzelina.pt\/index.php?rest_route=\/wp\/v2\/pages"}],"about":[{"href":"https:\/\/freguesiadeurzelina.pt\/index.php?rest_route=\/wp\/v2\/types\/page"}],"author":[{"embeddable":true,"href":"https:\/\/freguesiadeurzelina.pt\/index.php?rest_route=\/wp\/v2\/users\/1"}],"replies":[{"embeddable":true,"href":"https:\/\/freguesiadeurzelina.pt\/index.php?rest_route=%2Fwp%2Fv2%2Fcomments&post=13521"}],"version-history":[{"count":2,"href":"https:\/\/freguesiadeurzelina.pt\/index.php?rest_route=\/wp\/v2\/pages\/13521\/revisions"}],"predecessor-version":[{"id":13798,"href":"https:\/\/freguesiadeurzelina.pt\/index.php?rest_route=\/wp\/v2\/pages\/13521\/revisions\/13798"}],"wp:attachment":[{"href":"https:\/\/freguesiadeurzelina.pt\/index.php?rest_route=%2Fwp%2Fv2%2Fmedia&parent=13521"}],"curies":[{"name":"wp","href":"https:\/\/api.w.org\/{rel}","templated":true}]}}

Animação Turística

<h2><strong>Azorean Dream Yacth C</strong>harter</h2>



<ul><li>Morada|<em>Adress</em>: Estrada Marginal dos Casteletes, 9800-429 Urzelina</li><li>Telefone|<em>Cellphone:  </em>912 553 039</li><li>E-mail: azoreandream@gmail.com</li><li>URL: <a rel="noreferrer noopener" href="http://www.azoreandream.net/" target="_blank">www.azoreandream.net</a></li></ul>



<h2>Sea Explorers Azores</h2>



<ul><li>Morada|<em>Adress</em>: Marginal dos Casteletes, 16 9800-429 Urzelina</li><li>Telefone|<em>Cellphone: </em>918484800 ou 968950282</li><li>E-mail: <a href="mailto:seaexplorersazores@gmail.com">seaexplorersazores@gmail.com</a></li></ul>



<h2>São Jorge Dive and Sail Center</h2>



<ul><li>Morada|<em>Adress</em>: Marginal dos Casteletes, 16 9800-429 Urzelina</li><li>Telefone|<em>Cellphone: </em>918484800 ou 968950282</li><li>E-mail: <a href="mailto:sjzdiveandsail@gmail.com">sjzdiveandsail@gmail.com</a></li><li>URL: http://www.sjzdiveandsail.com</li></ul>



<h2>Agua Crava</h2>



<ul><li>Morada|<em>Adress</em>: Marginal dos Casteletes, 16 9800-429 Urzelina</li><li>Telefone|<em>Cellphone:</em>914825419</li><li>E-mail: aguardava.com@gmail.com</li></ul>
