{"id":13432,"date":"2022-03-08T16:03:50","date_gmt":"2022-03-08T17:03:50","guid":{"rendered":"http:\/\/freguesiadeurzelina.pt\/?page_id=13432"},"modified":"2023-04-21T09:14:36","modified_gmt":"2023-04-21T10:14:36","slug":"relatorio-de-gestao-4","status":"publish","type":"page","link":"https:\/\/freguesiadeurzelina.pt\/?page_id=13432","title":{"rendered":"Relat\u00f3rio de Gest\u00e3o"},"content":{"rendered":"\n<h2>2022<\/h2>\n\n\n\n<ul><li><a href=\"https:\/\/freguesiadeurzelina.pt\/wp-content\/uploads\/2023\/04\/Relatorio-de-Gestao-Urzelina.pdf\" target=\"_blank\" rel=\"noreferrer noopener\">Relat\u00f3rio de Gest\u00e3o<\/a><\/li><\/ul>\n\n\n\n<h2>2021<\/h2>\n\n\n\n<ul><li><a href=\"https:\/\/freguesiadeurzelina.pt\/wp-content\/uploads\/2022\/05\/Relatorio-de-Gestao.pdf\" target=\"_blank\" rel=\"noreferrer noopener\">Relat\u00f3rio de Gest\u00e3o<\/a><\/li><\/ul>\n\n\n\n<h2>2020<\/h2>\n\n\n\n<ul><li><a href=\"https:\/\/freguesiadeurzelina.pt\/wp-content\/uploads\/2022\/05\/Relatorio-de-Gestao-2020-Urzelina.pdf\" target=\"_blank\" rel=\"noreferrer noopener\">Relat\u00f3rio de Gest\u00e3o<\/a><\/li><\/ul>\n\n\n\n<h2>2019<\/h2>\n\n\n\n<ul><li><a href=\"https:\/\/freguesiadeurzelina.pt\/wp-content\/uploads\/2022\/05\/Relatorio-de-Gestao-2019.pdf\" target=\"_blank\" rel=\"noreferrer noopener\">Relat\u00f3rio de Gest\u00e3o<\/a><\/li><\/ul>\n\n\n\n<h2>2018<\/h2>\n\n\n\n<ul><li><a href=\"https:\/\/freguesiadeurzelina.pt\/wp-content\/uploads\/2022\/05\/Relatorio-de-Gestao-2018.pdf\" target=\"_blank\" rel=\"noreferrer noopener\">Relat\u00f3rio de Gest\u00e3o<\/a><\/li><\/ul>\n\n\n\n<h2>2017<\/h2>\n\n\n\n<ul><li><a href=\"https:\/\/freguesiadeurzelina.pt\/wp-content\/uploads\/2022\/05\/Relatorio-de-Gestao-2017.pdf\" data-type=\"URL\" data-id=\"https:\/\/freguesiadeurzelina.pt\/wp-content\/uploads\/2022\/05\/Relatorio-de-Gestao-2017.pdf\">Relat\u00f3rio d<\/a><a href=\"https:\/\/freguesiadeurzelina.pt\/wp-content\/uploads\/2022\/05\/Relatorio-de-Gestao-2017.pdf\" data-type=\"URL\" data-id=\"https:\/\/freguesiadeurzelina.pt\/wp-content\/uploads\/2022\/05\/Relatorio-de-Gestao-2017.pdf\" target=\"_blank\" rel=\"noreferrer noopener\">e<\/a><a href=\"https:\/\/freguesiadeurzelina.pt\/wp-content\/uploads\/2022\/05\/Relatorio-de-Gestao-2017.pdf\" data-type=\"URL\" data-id=\"https:\/\/freguesiadeurzelina.pt\/wp-content\/uploads\/2022\/05\/Relatorio-de-Gestao-2017.pdf\"> Gest\u00e3o<\/a><\/li><\/ul>\n","protected":false},"excerpt":{"rendered":"<p>2022 Relat\u00f3rio de Gest\u00e3o 2021 Relat\u00f3rio de Gest\u00e3o 2020 Relat\u00f3rio de Gest\u00e3o 2019 Relat\u00f3rio de Gest\u00e3o 2018 Relat\u00f3rio de Gest\u00e3o 2017 Relat\u00f3rio de Gest\u00e3o<\/p>\n","protected":false},"author":1,"featured_media":0,"parent":0,"menu_order":0,"comment_status":"closed","ping_status":"closed","template":"","meta":[],"_links":{"self":[{"href":"https:\/\/freguesiadeurzelina.pt\/index.php?rest_route=\/wp\/v2\/pages\/13432"}],"collection":[{"href":"https:\/\/freguesiadeurzelina.pt\/index.php?rest_route=\/wp\/v2\/pages"}],"about":[{"href":"https:\/\/freguesiadeurzelina.pt\/index.php?rest_route=\/wp\/v2\/types\/page"}],"author":[{"embeddable":true,"href":"https:\/\/freguesiadeurzelina.pt\/index.php?rest_route=\/wp\/v2\/users\/1"}],"replies":[{"embeddable":true,"href":"https:\/\/freguesiadeurzelina.pt\/index.php?rest_route=%2Fwp%2Fv2%2Fcomments&post=13432"}],"version-history":[{"count":4,"href":"https:\/\/freguesiadeurzelina.pt\/index.php?rest_route=\/wp\/v2\/pages\/13432\/revisions"}],"predecessor-version":[{"id":14052,"href":"https:\/\/freguesiadeurzelina.pt\/index.php?rest_route=\/wp\/v2\/pages\/13432\/revisions\/14052"}],"wp:attachment":[{"href":"https:\/\/freguesiadeurzelina.pt\/index.php?rest_route=%2Fwp%2Fv2%2Fmedia&parent=13432"}],"curies":[{"name":"wp","href":"https:\/\/api.w.org\/{rel}","templated":true}]}}

Relatório de Gestão

<h2>2022</h2>



<ul><li><a href="https://freguesiadeurzelina.pt/wp-content/uploads/2023/04/Relatorio-de-Gestao-Urzelina.pdf" target="_blank" rel="noreferrer noopener">Relatório de Gestão</a></li></ul>



<h2>2021</h2>



<ul><li><a href="https://freguesiadeurzelina.pt/wp-content/uploads/2022/05/Relatorio-de-Gestao.pdf" target="_blank" rel="noreferrer noopener">Relatório de Gestão</a></li></ul>



<h2>2020</h2>



<ul><li><a href="https://freguesiadeurzelina.pt/wp-content/uploads/2022/05/Relatorio-de-Gestao-2020-Urzelina.pdf" target="_blank" rel="noreferrer noopener">Relatório de Gestão</a></li></ul>



<h2>2019</h2>



<ul><li><a href="https://freguesiadeurzelina.pt/wp-content/uploads/2022/05/Relatorio-de-Gestao-2019.pdf" target="_blank" rel="noreferrer noopener">Relatório de Gestão</a></li></ul>



<h2>2018</h2>



<ul><li><a href="https://freguesiadeurzelina.pt/wp-content/uploads/2022/05/Relatorio-de-Gestao-2018.pdf" target="_blank" rel="noreferrer noopener">Relatório de Gestão</a></li></ul>



<h2>2017</h2>



<ul><li><a href="https://freguesiadeurzelina.pt/wp-content/uploads/2022/05/Relatorio-de-Gestao-2017.pdf" data-type="URL" data-id="https://freguesiadeurzelina.pt/wp-content/uploads/2022/05/Relatorio-de-Gestao-2017.pdf">Relatório d</a><a href="https://freguesiadeurzelina.pt/wp-content/uploads/2022/05/Relatorio-de-Gestao-2017.pdf" data-type="URL" data-id="https://freguesiadeurzelina.pt/wp-content/uploads/2022/05/Relatorio-de-Gestao-2017.pdf" target="_blank" rel="noreferrer noopener">e</a><a href="https://freguesiadeurzelina.pt/wp-content/uploads/2022/05/Relatorio-de-Gestao-2017.pdf" data-type="URL" data-id="https://freguesiadeurzelina.pt/wp-content/uploads/2022/05/Relatorio-de-Gestao-2017.pdf"> Gestão</a></li></ul>

<p>2022 Relatório de Gestão 2021 Relatório de Gestão 2020 Relatório de Gestão 2019 Relatório de Gestão 2018 Relatório de Gestão 2017 Relatório de Gestão</p>
