{"id":13426,"date":"2022-03-08T16:01:21","date_gmt":"2022-03-08T17:01:21","guid":{"rendered":"http:\/\/freguesiadeurzelina.pt\/?page_id=13426"},"modified":"2023-04-21T09:25:12","modified_gmt":"2023-04-21T10:25:12","slug":"controlo-orcamental","status":"publish","type":"page","link":"https:\/\/freguesiadeurzelina.pt\/?page_id=13426","title":{"rendered":"Controlo Or\u00e7amental"},"content":{"rendered":"\n<h2>2022<\/h2>\n\n\n\n<ul><li><a rel=\"noreferrer noopener\" href=\"https:\/\/freguesiadeurzelina.pt\/wp-content\/uploads\/2023\/04\/sncCtrOrcR.pdf\" target=\"_blank\">Controlo Or\u00e7amentas da Receita<\/a><\/li><li><a href=\"https:\/\/freguesiadeurzelina.pt\/wp-content\/uploads\/2023\/04\/sncCtrOrcD.pdf\" target=\"_blank\" rel=\"noreferrer noopener\">Controlo Or\u00e7amental da Despesa<\/a><\/li><\/ul>\n\n\n\n<h2>2021<\/h2>\n\n\n\n<ul><li><a href=\"https:\/\/freguesiadeurzelina.pt\/wp-content\/uploads\/2022\/05\/Demonstracao-de-Execucao-Orcamental-Receita.pdf\" target=\"_blank\" rel=\"noreferrer noopener\">Controlo Or\u00e7amentas da Receita<\/a><\/li><li><a href=\"https:\/\/freguesiadeurzelina.pt\/wp-content\/uploads\/2022\/05\/Demonstracao-de-Execucao-Orcamental-Despesa.pdf\" target=\"_blank\" rel=\"noreferrer noopener\">Controlo Or\u00e7amental da Despesa<\/a><\/li><\/ul>\n\n\n\n<h2>2020<\/h2>\n\n\n\n<ul><li><a href=\"https:\/\/freguesiadeurzelina.pt\/wp-content\/uploads\/2022\/05\/sncCtrOrcR-2020.pdf\" target=\"_blank\" rel=\"noreferrer noopener\">Controlo Or\u00e7amental da Receita<\/a><\/li><li><a href=\"https:\/\/freguesiadeurzelina.pt\/wp-content\/uploads\/2022\/05\/sncCtrOrcD2020.pdf\" data-type=\"URL\" data-id=\"https:\/\/freguesiadeurzelina.pt\/wp-content\/uploads\/2022\/05\/sncCtrOrcD2020.pdf\" target=\"_blank\" rel=\"noreferrer noopener\">Controlo Or\u00e7amenta da Despesa<\/a><\/li><\/ul>\n\n\n\n<h2>2019<\/h2>\n\n\n\n<ul><li><a href=\"https:\/\/freguesiadeurzelina.pt\/wp-content\/uploads\/2022\/05\/Controlo-Orcamental-Receita-2019.pdf\" target=\"_blank\" rel=\"noreferrer noopener\">Controlo Or\u00e7amental da Receita<\/a><\/li><li><a href=\"https:\/\/freguesiadeurzelina.pt\/wp-content\/uploads\/2022\/05\/Controlo-Orcamental-Despesa-2019.pdf\" target=\"_blank\" rel=\"noreferrer noopener\">Controlo Or\u00e7amenta da Despesa<\/a><\/li><\/ul>\n\n\n\n<h2>2018<\/h2>\n\n\n\n<ul><li><a href=\"https:\/\/freguesiadeurzelina.pt\/wp-content\/uploads\/2022\/05\/Controlo-Orcamental-Receita.pdf\" data-type=\"URL\" data-id=\"https:\/\/freguesiadeurzelina.pt\/wp-content\/uploads\/2022\/05\/Controlo-Orcamental-Receita.pdf\" target=\"_blank\" rel=\"noreferrer noopener\">Controlo Or\u00e7amental da Receita<\/a><\/li><li><a href=\"https:\/\/freguesiadeurzelina.pt\/wp-content\/uploads\/2022\/05\/Controlo-Orcamental-Despesa-2018.pdf\" target=\"_blank\" rel=\"noreferrer noopener\">Controlo Or\u00e7amenta da Despesa<\/a><\/li><\/ul>\n\n\n\n<h2>2017<\/h2>\n\n\n\n<ul><li><a href=\"https:\/\/freguesiadeurzelina.pt\/wp-content\/uploads\/2022\/05\/Controlo-Orcamental-Receita-2017.pdf\" target=\"_blank\" rel=\"noreferrer noopener\">Controlo Or\u00e7amental da Receita<\/a><\/li><li><a href=\"https:\/\/freguesiadeurzelina.pt\/wp-content\/uploads\/2022\/05\/Controlo-Orcamental-Despesa-2017.pdf\" target=\"_blank\" rel=\"noreferrer noopener\">Controlo Or\u00e7amenta da Despesa<\/a><\/li><\/ul>\n\n\n\n<p><\/p>\n","protected":false},"excerpt":{"rendered":"<p>2022 Controlo Or\u00e7amentas da Receita Controlo Or\u00e7amental da Despesa 2021 Controlo Or\u00e7amentas da Receita Controlo Or\u00e7amental da Despesa 2020 Controlo Or\u00e7amental da Receita Controlo Or\u00e7amenta<\/p>\n","protected":false},"author":1,"featured_media":0,"parent":0,"menu_order":0,"comment_status":"closed","ping_status":"closed","template":"","meta":[],"_links":{"self":[{"href":"https:\/\/freguesiadeurzelina.pt\/index.php?rest_route=\/wp\/v2\/pages\/13426"}],"collection":[{"href":"https:\/\/freguesiadeurzelina.pt\/index.php?rest_route=\/wp\/v2\/pages"}],"about":[{"href":"https:\/\/freguesiadeurzelina.pt\/index.php?rest_route=\/wp\/v2\/types\/page"}],"author":[{"embeddable":true,"href":"https:\/\/freguesiadeurzelina.pt\/index.php?rest_route=\/wp\/v2\/users\/1"}],"replies":[{"embeddable":true,"href":"https:\/\/freguesiadeurzelina.pt\/index.php?rest_route=%2Fwp%2Fv2%2Fcomments&post=13426"}],"version-history":[{"count":4,"href":"https:\/\/freguesiadeurzelina.pt\/index.php?rest_route=\/wp\/v2\/pages\/13426\/revisions"}],"predecessor-version":[{"id":14056,"href":"https:\/\/freguesiadeurzelina.pt\/index.php?rest_route=\/wp\/v2\/pages\/13426\/revisions\/14056"}],"wp:attachment":[{"href":"https:\/\/freguesiadeurzelina.pt\/index.php?rest_route=%2Fwp%2Fv2%2Fmedia&parent=13426"}],"curies":[{"name":"wp","href":"https:\/\/api.w.org\/{rel}","templated":true}]}}

Controlo Orçamental

<h2>2022</h2>



<ul><li><a rel="noreferrer noopener" href="https://freguesiadeurzelina.pt/wp-content/uploads/2023/04/sncCtrOrcR.pdf" target="_blank">Controlo Orçamentas da Receita</a></li><li><a href="https://freguesiadeurzelina.pt/wp-content/uploads/2023/04/sncCtrOrcD.pdf" target="_blank" rel="noreferrer noopener">Controlo Orçamental da Despesa</a></li></ul>



<h2>2021</h2>



<ul><li><a href="https://freguesiadeurzelina.pt/wp-content/uploads/2022/05/Demonstracao-de-Execucao-Orcamental-Receita.pdf" target="_blank" rel="noreferrer noopener">Controlo Orçamentas da Receita</a></li><li><a href="https://freguesiadeurzelina.pt/wp-content/uploads/2022/05/Demonstracao-de-Execucao-Orcamental-Despesa.pdf" target="_blank" rel="noreferrer noopener">Controlo Orçamental da Despesa</a></li></ul>



<h2>2020</h2>



<ul><li><a href="https://freguesiadeurzelina.pt/wp-content/uploads/2022/05/sncCtrOrcR-2020.pdf" target="_blank" rel="noreferrer noopener">Controlo Orçamental da Receita</a></li><li><a href="https://freguesiadeurzelina.pt/wp-content/uploads/2022/05/sncCtrOrcD2020.pdf" data-type="URL" data-id="https://freguesiadeurzelina.pt/wp-content/uploads/2022/05/sncCtrOrcD2020.pdf" target="_blank" rel="noreferrer noopener">Controlo Orçamenta da Despesa</a></li></ul>



<h2>2019</h2>



<ul><li><a href="https://freguesiadeurzelina.pt/wp-content/uploads/2022/05/Controlo-Orcamental-Receita-2019.pdf" target="_blank" rel="noreferrer noopener">Controlo Orçamental da Receita</a></li><li><a href="https://freguesiadeurzelina.pt/wp-content/uploads/2022/05/Controlo-Orcamental-Despesa-2019.pdf" target="_blank" rel="noreferrer noopener">Controlo Orçamenta da Despesa</a></li></ul>



<h2>2018</h2>



<ul><li><a href="https://freguesiadeurzelina.pt/wp-content/uploads/2022/05/Controlo-Orcamental-Receita.pdf" data-type="URL" data-id="https://freguesiadeurzelina.pt/wp-content/uploads/2022/05/Controlo-Orcamental-Receita.pdf" target="_blank" rel="noreferrer noopener">Controlo Orçamental da Receita</a></li><li><a href="https://freguesiadeurzelina.pt/wp-content/uploads/2022/05/Controlo-Orcamental-Despesa-2018.pdf" target="_blank" rel="noreferrer noopener">Controlo Orçamenta da Despesa</a></li></ul>



<h2>2017</h2>



<ul><li><a href="https://freguesiadeurzelina.pt/wp-content/uploads/2022/05/Controlo-Orcamental-Receita-2017.pdf" target="_blank" rel="noreferrer noopener">Controlo Orçamental da Receita</a></li><li><a href="https://freguesiadeurzelina.pt/wp-content/uploads/2022/05/Controlo-Orcamental-Despesa-2017.pdf" target="_blank" rel="noreferrer noopener">Controlo Orçamenta da Despesa</a></li></ul>



<p></p>

<p>2022 Controlo Orçamentas da Receita Controlo Orçamental da Despesa 2021 Controlo Orçamentas da Receita Controlo Orçamental da Despesa 2020 Controlo Orçamental da Receita Controlo Orçamenta</p>
